What is the value of -16 + 37 - (11 + -12 + 0)?
22
Evaluate -72 + 64 + -1 + 9.
0
(14 - 13) + -6 + 0 + (14 - 0)
9
6 + -8 + -8 + (-5 - 6) + 5
-16
Evaluate (170 - 181) + 2 + 17.
8
What is -7 - (-27 + 20 + 8 + -2)?
-6
What is the value of -20 + 11 + -4 + 7 + 29 + 0?
23
Evaluate -8 + (2 - (5 + (-15 - -12))).
-8
(2 - 1) + (-6 - 0 - -7)
2
What is -2 + 3 + 7 - (-1 + (54 - 46))?
1
What is the value of -10 + 24 + 12 + -33?
-7
Evaluate -15 + 20 + -2 + -11 + 4.
-4
Calculate -1 - -53 - (101 + 5 - 91).
37
Calculate 20 + (-4 + 3 - 1) - (160 - 157).
15
Calculate 9 + (15 - (-20 - -22)).
22
What is the value of 13 - ((3 - -9 - 3) + -5)?
9
What is (-13 - 5) + 8 - 6 - -4?
-12
2 - 19 - 1 - 4 - (-37 - -38)
-23
Calculate -10 + (1 - (-10 + 3)) + 1 - -2.
1
0 + 10 + -7 + 12 - (1 + -9)
23
Calculate 9 - ((1 - -2) + -5 - (1 + -2)).
10
What is the value of -9 - ((5 - 8) + 11)?
-17
What is the value of (-4 - 1) + 11 - (1 + 6)?
-1
Evaluate 20 + (-15 + 4 - 0).
9
Calculate (5 - (6 - 0) - 4) + (-4 - -14).
5
71 - 59 - (-1 - -22)
-9
-36 + (40 - (32 + -16))
-12
(1 - -1) + (58 - 56) + -16
-12
What is the value of -7 + -1 + (-13 - -9) - 1?
-13
Evaluate (-22 - -41) + -35 + (-1 - -31).
14
Calculate (-6 - 1) + (15 - (-7 - -25)).
-10
What is the value of 10 + (16 - (21 + -8))?
13
Evaluate 4 + 21 + (-39 - -17) + (1 - -3).
7
-7 - (0 - (1 + 0) - (41 - 44))
-9
Evaluate 2 + 3 + 0 + (-243 - -232).
-6
Calculate -682 + 716 - (50 + -2).
-14
What is -9 - (-34 + 22 + (-19 - -7))?
15
Calculate -39 + 24 - 24 - (-6 + 2 - -1).
-36
-15 + 11 + -1 + 9
4
26 + -4 + (-36 - 14)
-28
Calculate -8 + -1 + 13 + -4 - 0 - 9.
-9
-37 + (26 + -24 - -25)
-10
(29 - (-6 - -9 - -2)) + (-41 - -45)
28
66 - (-7 + 35) - 23
15
Evaluate -20 + -19 + 25 + -11.
-25
Calculate 23 + 3 + -22 + -2.
2
Evaluate 56 + -24 - (15 + -3).
20
Calculate 29 - ((-20 - -2) + 53 + -45 + 17).
22
Evaluate -2 - (7 - 5) - (-6 + 1 + -7).
8
What is -3 - 1 - -3 - 9?
-10
38 + (28 - 44) + -2
20
Calculate 0 + 18 + 5 + -7.
16
9 + -9 - (8 + (-4 - -6))
-10
12 + 24 + -38 - 9
-11
-1492 + 1510 + 1 + -1 + (-2 - 5)
11
What is -3 + (-17 - -22) + 6?
8
What is the value of -6 + (1 - -5 - 8)?
-8
24 - (2 - -1 - -7) - 4
10
What is -35 + (17 - 7) - -12?
-13
Calculate (388 - 363) + -9 + -1 + 2.
17
Evaluate (1 - -1) + (12 - (16 + -4 + 12)).
-10
Calculate (-2 - -18) + (6 - 10) + (-7 - -1).
6
Calculate 3 - ((17 - 20) + (9 - 2)).
-1
What is -6 + (11 - 13) + 10?
2
What is the value of 10 + 0 - (-11 + 31 - 16)?
6
Evaluate -3 + (1 - 1) + (18 - 3).
12
Calculate 6 + 1 + (19 - 3) + -16 + -4.
3
Evaluate -5 - 17 - ((-25 - -7) + 14).
-18
Evaluate 11 - (-1 + 7 - (1 - 27)).
-21
What is the value of (511 - 538) + (-2 - -37)?
8
What is the value of (-408 - -408) + 0 + (0 - 15 - -2)?
-13
What is the value of 11 + (-3 + (-3 - -4) - -5 - 6)?
8
Evaluate 0 - (-2 - (-14 - -3)) - 13.
-22
What is the value of (1 - -1 - (-5 + 7 + 4)) + 2?
-2
What is the value of (-6 - -3) + -3 + -1 + 6?
-1
Evaluate 12 - (3 - (9 - 5 - (-3 + 11))).
5
Evaluate -25 - (-20 - -25 - 28).
-2
What is the value of 0 + -15 - (-16 - (-13 + 0)) - 1?
-13
Calculate 2 + (-7 - (19 + -4)).
-20
What is 0 - (1 - 18 - (12 + -15))?
14
-38 + 78 - (-9 + -2) - 17
34
What is the value of 12 - -4 - (8 + -11 + 1)?
18
14 + 9 + -12 + 0 - 3
8
What is 8 - (6 + -12) - 8?
6
What is -2 - ((-17 - (7 + -13)) + (10 - 4))?
3
Calculate 272 + -262 - (2 + 1 + 0).
7
Calculate 5 + -21 + 5 - (-4 - 30).
23
What is the value of (-9 - 41) + 6 - -16?
-28
What is -7 + -7 + 25 - ((-45 - -15) + 15)?
26
Evaluate -2 + 2 + 3 + (18 - 9 - 14).
-2
What is the value of -4 + 4 + 5 + (-5 - -10)?
10
Evaluate 2 + 1 - (0 + (18 - 9)).
-6
Calculate (-8 - -3) + (-7 - (-20 + 0 + 7)).
1
Evaluate 1 - (8 - (0 + -7 - (-10 - -1))).
-5
Calculate (2 - 0) + (13 - (14 - -2)).
-1
What is the value of -12 + 18 + -1 + 4 + -37?
-28
Evaluate 2 + -2 + 12 + -16.
-4
Evaluate 3 - 6 - (20 + -9) - 8.
-22
What is -16 - (6 + (-35 - -8))?
5
-23 - ((10 - 5) + 7 + -13)
-22
What is -8 - (-41 + -13 + 23)?
23
What is 8 + (22 - -5) - (14 - 1)?
22
What is the value of -10 + (-7 - (26 - 22))?
-21
What is -15 + (0 + (-5 - -18) - (-10 - -16))?
-8
Evaluate 31 + (-9 - (7 - (-1 - -10))) - -5.
29
What is the value of 10 - (10 + 1) - 8 - 1?
-10
Calculate 5 - 5 - (10 - (-12 + 1 + 33)).
12
What is (-27 + 13 + 12 - (1 - 12)) + 7?
16
Evaluate (-1 - (0 + -5)) + -33 - -10.
-19
Calculate -587 + 601 + (2 - -6).
22
Calculate 5 + -6 + (1 - -1) + 6 - 0.
7
Evaluate 8 - ((4 - 12) + 34).
-18
What is 11 + (13 - -6 - 10)?
20
Calculate -6 + -9 + (10 + -14 - -9).
-10
Evaluate (1 - 14) + -103 + 106.
-10
What is the value of -3 + -4 + 5 - (3 - 3) - 15?
-17
Evaluate 0 - (1 + -1 - -5) - (-1440 - -1428).
7
What is -36 + 8 + 8 + 9?
-11
Evaluate 8 - (9 + -8 + (-2 + 1 - -17)).
-9
Evaluate 23 - (55 - (45 + -15)).
-2
What is the value of -6 + 1 - (14 + -48 + 14)?
15
What is -24 - 4 - (-18 + 2)?
-12
What is the value of (-1 - -5) + (-11 + 5 - -5) + 5?
8
What is 20 - (9 + (-4 - -7) + 14 + -20)?
14
What is the value of 25 - (19 + -14 - (2 + 6) - -6)?
22
-510 + 559 - (-1 + 23)
27
Calculate -15 + 9 + 2 + (0 - -2) + 11.
9
Calculate (33 + -63 + 29 - (25 + 1)) + 6.
-21
-7 - (-13 + 19 + -33)
20
-25 - 5 - -10 - -38
18
Calculate 7 + -9 - -11 - (21 - (5 - 6)).
-13
What is 5 - -8 - 13 - (0 - 8)?
8
What is 27 + (-6 - (-11 + 27))?
5
-3 + (-2 - -2 - -20) - (-132 - -138)
11
Evaluate 14 + 3 + -14 - (0 - 1 - -7).
-3
Calculate (-9 - 1) + (-11 - -8) - 11.
-24
12 + -9 + 5 + -6 + 26
28
What is 56 + (-74 - -45 - -1)?
28
Evaluate -1 - (45 - 16 - 24).
-6
Evaluate (-6 - (3 + -7)) + -12 - (35 - 40).
-9
What is the value of 12 + (17 - 53) + 52?
28
Evaluate 9 - ((-6 - 1) + 12) - -4.
8
-8 + (-12 - (7 + -24))
-3
Evaluate 2 - (-8 - -20 - 9 - 3) - -1.
3
Calculate 1 + 28 + (-19 - 16).
-6
What is the value of (-2 - 4) + -24 + 40?
10
(-2 + 2 - (-24 - -15)) + -8
1
(-2 - -9) + (-54 - -55) + -35
-27
(-1 - (1 + 17)) + (14 - -25 - 38)
-18
6 + 10 - (-3 - -9)
10
(-89 - -96) + -2 + -2 + 6
9
What is the value of 0 + (5 - (-16 + 50)) + (2 - -7)?
-20
Evaluate 5 - (-1 + 0 + -4 + 12).
-2
What is (7 - 1) + 14 + -7?
13
Calculate -6 - (2 + 0) - (25 - (-11 + 31)).
-13
-13 + (4 - 4) + 12
-1
Evaluate (2 - -1 - -4) + (10 - 14).
3
Calculate (5 - (4 + (-1 - (7 - 0)))) + 4.
13
What is (8 + (-2 - -2) - -1) + (-10 - -6)?
5
(-13 - (2 + 2 - 7)) + 13
3
-7 + 5 - (20 - -30) - -19
-33
Calculate -302 + 330 + -33 + -3.
-8
Evaluate 7 + (8 - (14 + 3)).
-2
2 + 0 - (-1 - (-5 + (-11 - -19)))
6
What is the value of -4 - (-1 + -7 + -2 + 10)?
-4
Calculate -1 + 1 + 1 + (10 - 11) + 10.
10
What is 26 + -48 + (-14 - -25)?
-11
What is -1 - (4 - (-3 - -2) - (-17 - -33))?
10
What is the value of (1 - 8) + (-51 - -70)?
12
Calculate -1 + -8 - (18 + -14 - 11).
-2
What is -7 + -8 + (5 - 1) + 0?
-11
Calculate (-3 - -15) + -4 + 31 + -49.
-10
-8 + -1 - (-19 - (-13 + -28 + 20))
-11
Calculate 114 + -105 + 5 + 4 + -3 + -8.
7
Evaluate 65 - 47 - (2 - (-4 + -1 - -5)).
16
9 - (25 + (5 - 2) + -8)
-11
What is -18 - (3 + -18) - (-7 + 6 + -11)?
9
What is 7 - -2 - (17 + -7 + -12)?
11
Evaluate 4 + -2 + -25 + 31 - 19.
-11
Evaluate (-2 - 4) + -45 + 45 + -5 + 1.
-10
What is -432 + 434 + 6 + 1 - 13?
-4
What is (42 - 20) + -25 + (0 - 10)?
-13
(3 - (-1 + -4 - 1)) + 2
11
What is -6 + (-12 - -14) - -3?
-1
Calculate -18 + (-24 - (-17 - (19 + -22))).
-28
What is 21 - (-28 + (47 - 15))?
17
Calculate 12 - (-18 + -2 + 11 - -41).
-20
What is -21 + 10 + 4 + -18 + 20?
-5
What is the value of (-7 - (0 - 0)) + (-12 - -11)?
-8
What is (-5 - -18) + -2 - (-16 + 30)?
-3
What is the value of 9 + (0 + 4 - (6 + -23 - -6))?
24
What is the value of -2 + (-1 - 3 - 0 - -6) + 1?
1
(1 - (12 - 6)) + 5
0
Calculate (-9 - -16) + (-17 - 4).
-14
What is -20 + 9 + 12 + 2?
3
Evaluate -38 - 1 - (-364 + 332).
-7
What is the value of (12 - -35) + -37 + 19?
29
What is the value of -22 + 12 + -12 - -17?
-5
Evaluate -10 + 7 + 16 + -9 + 11 + 0.
15
Calculate 35 + (39 - 75) - 10.
-11
What is -3 + 17 + -2 - (-1 - 1 - -6)?
8
What is the value of -60 + 75 - (16 - -1)?
-2
What is the value of -4 + 9 + -1 + (51 - 62)?
-7
6 + (6 - 12) + 14 + 12 + -13
13
What is 352 + -392 - (0 + -40)?
0
Calculate 0 + -3 + 2 + 1 - (-41 + 33).
8
6 + (0 - 15) + 12
3
Evaluate (-11 - 22) + 9 - -2.
-22
Calculate (1 + 9 - -11) + -16.
5
1082 - 1063 - (27 + 1)
-9
Evaluate 0 - (-5 + (13 - 1)).
-7
Calculate -282 + 290 - (0 + -